03387 is divided by 37?
35
Calculate the remainder when 4831 is divided by 2197.
437
What is the remainder when 380558 is divided by 263?
260
Calculate the remainder when 6826 is divided by 972.
22
What is the remainder when 50501 is divided by 73?
58
Calculate the remainder when 19459 is divided by 101.
67
Calculate the remainder when 5457 is divided by 463.
364
What is the remainder when 20120 is divided by 27?
5
Calculate the remainder when 31314 is divided by 15626.
62
What is the remainder when 36654 is divided by 12203?
45
Calculate the remainder when 210514 is divided by 105254.
6
Calculate the remainder when 95515 is divided by 31837.
4
What is the remainder when 587 is divided by 585?
2
Calculate the remainder when 15519 is divided by 251.
208
Calculate the remainder when 35680 is divided by 211.
21
Calculate the remainder when 4876745 is divided by 3071.
3068
What is the remainder when 6544376 is divided by 657?
656
What is the remainder when 35873 is divided by 23?
16
Calculate the remainder when 6581 is divided by 291.
179
What is the remainder when 8462 is divided by 26?
12
Calculate the remainder when 823306 is divided by 32.
10
What is the remainder when 30406 is divided by 130?
116
Calculate the remainder when 21622 is divided by 1275.
1222
Calculate the remainder when 82751 is divided by 292.
115
What is the remainder when 136502 is divided by 68151?
200
What is the remainder when 344364 is divided by 47?
42
What is the remainder when 475812 is divided by 15?
12
Calculate the remainder when 1152 is divided by 558.
36
Calculate the remainder when 3651 is divided by 608.
3
Calculate the remainder when 7297 is divided by 1442.
87
What is the remainder when 1413057 is divided by 5?
2
Calculate the remainder when 3207 is divided by 472.
375
Calculate the remainder when 213590 is divided by 72.
38
Calculate the remainder when 1173 is divided by 584.
5
Calculate the remainder when 40789 is divided by 3395.
49
Calculate the remainder when 90029 is divided by 218.
213
What is the remainder when 1102127 is divided by 614?
611
Calculate the remainder when 193378 is divided by 7.
3
Calculate the remainder when 1099 is divided by 203.
84
Calculate the remainder when 195613 is divided by 945.
943
Calculate the remainder when 7068 is divided by 1028.
900
What is the remainder when 77558 is divided by 12926?
2
What is the remainder when 28005 is divided by 27973?
32
What is the remainder when 2238 is divided by 1117?
4
Calculate the remainder when 16341 is divided by 1818.
1797
What is the remainder when 232003 is divided by 124?
123
What is the remainder when 2060 is divided by 91?
58
Calculate the remainder when 7199 is divided by 345.
299
What is the remainder when 3719249 is divided by 50?
49
Calculate the remainder when 1041204 is divided by 260300.
4
Calculate the remainder when 5428 is divided by 189.
136
Calculate the remainder when 470498 is divided by 250.
248
Calculate the remainder when 36659 is divided by 12211.
26
What is the remainder when 18160 is divided by 127?
126
Calculate the remainder when 7734 is divided by 155.
139
Calculate the remainder when 1155596 is divided by 48.
44
Calculate the remainder when 5961 is divided by 1484.
25
Calculate the remainder when 1893455 is divided by 68.
63
What is the remainder when 30520 is divided by 1810?
1560
What is the remainder when 414 is divided by 35?
29
Calculate the remainder when 13157 is divided by 660.
617
Calculate the remainder when 5604 is divided by 425.
79
Calculate the remainder when 49371 is divided by 26.
23
Calculate the remainder when 121485 is divided by 874.
873
What is the remainder when 6066 is divided by 6030?
36
Calculate the remainder when 26782 is divided by 27.
25
Calculate the remainder when 1329 is divided by 860.
469
What is the remainder when 3554 is divided by 352?
34
Calculate the remainder when 892598 is divided by 153.
149
What is the remainder when 36444 is divided by 405?
399
What is the remainder when 97797 is divided by 3?
0
Calculate the remainder when 235971 is divided by 119.
113
Calculate the remainder when 392 is divided by 214.
178
Calculate the remainder when 9131 is divided by 89.
53
What is the remainder when 1112013 is divided by 32?
13
What is the remainder when 10595 is divided by 20?
15
Calculate the remainder when 21527 is divided by 248.
199
Calculate the remainder when 65182 is divided by 32586.
10
Calculate the remainder when 2569 is divided by 454.
299
Calculate the remainder when 2124 is divided by 351.
18
What is the remainder when 1562 is divided by 541?
480
What is the remainder when 517969 is divided by 786?
781
What is the remainder when 9746 is divided by 4726?
294
Calculate the remainder when 553402 is divided by 858.
850
Calculate the remainder when 5584 is divided by 621.
616
Calculate the remainder when 8259 is divided by 88.
75
What is the remainder when 568254 is divided by 145?
144
Calculate the remainder when 3680 is divided by 3629.
51
What is the remainder when 51772 is divided by 49?
28
What is the remainder when 2013 is divided by 96?
93
What is the remainder when 56608 is divided by 74?
72
Calculate the remainder when 312 is divided by 179.
133
What is the remainder when 115315 is divided by 10?
5
What is the remainder when 2318 is divided by 2243?
75
What is the remainder when 17708 is divided by 44?
20
What is the remainder when 128174 is divided by 294?
284
What is the remainder when 22732 is divided by 76?
8
Calculate the remainder when 1566583 is divided by 298.
295
What is the remainder when 487477 is divided by 446?
445
What is the remainder when 765760 is divided by 255253?
1
Calculate the remainder when 8786 is divided by 883.
839
Calculate the remainder when 11591 is divided by 505.
481
What is the remainder when 120334 is divided by 24063?
19
Calculate the remainder when 438 is divided by 40.
38
Calculate the remainder when 122515 is divided by 19.
3
Calculate the remainder when 43546 is divided by 1555.
6
Calculate the remainder when 13151 is divided by 191.
163
What is the remainder when 2569 is divided by 242?
149
Calculate the remainder when 2081 is divided by 86.
17
Calculate the remainder when 16295 is divided by 5424.
23
What is the remainder when 113744 is divided by 297?
290
What is the remainder when 5209382 is divided by 1131?
1127
Calculate the remainder when 155533 is divided by 486.
13
Calculate the remainder when 128543 is divided by 1020.
23
What is the remainder when 2271 is divided by 1506?
765
Calculate the remainder when 25983 is divided by 8.
7
Calculate the remainder when 21998 is divided by 194.
76
Calculate the remainder when 104228 is divided by 344.
340
What is the remainder when 23202 is divided by 53?
41
Calculate the remainder when 292147 is divided by 2356.
3
What is the remainder when 1177583 is divided by 4?
3
What is the remainder when 96833 is divided by 1641?
14
What is the remainder when 38814 is divided by 1764?
6
What is the remainder when 52202 is divided by 1214?
0
Calculate the remainder when 46144 is divided by 12.
4
Calculate the remainder when 132990 is divided by 132985.
5
Calculate the remainder when 4724 is divided by 401.
313
What is the remainder when 209997 is divided by 48?
45
What is the remainder when 2614 is divided by 125?
114
What is the remainder when 14185 is divided by 330?
325
Calculate the remainder when 425039 is divided by 24.
23
What is the remainder when 14130 is divided by 1274?
116
What is the remainder when 32417 is divided by 32304?
113
Calculate the remainder when 499566 is divided by 499557.
9
Calculate the remainder when 207776 is divided by 32.
0
Calculate the remainder when 5880 is divided by 125.
5
What is the remainder when 97280 is divided by 377?
14
What is the remainder when 6507 is divided by 383?
379
Calculate the remainder when 107503 is divided by 34.
29
What is the remainder when 40181 is divided by 71?
66
What is the remainder when 116293 is divided by 426?
421
What is the remainder when 54117 is divided by 700?
217
What is the remainder when 3350 is divided by 54?
2
What is the remainder when 9054 is divided by 77?
45
What is the remainder when 2480 is divided by 342?
86
Calculate the remainder when 2039 is 